 the third derivative of n**6/120 + n**5/20 + n**4/24 - n**2. What is c(q)?
-3
Let b(a) = 8*a + 1. Let c be 28/3 - (-1)/(-3). Let z(v) = -v**3 + 8*v**2 + 8*v + 8. Let k be z(c). What is b(k)?
-7
Suppose 3*w = -3, y + y - 1 = -3*w. Let z(x) = -x - x - y*x. Let b = -3 + 2. Calculate z(b).
4
Suppose 0 = -4*m + 30 + 10. Let k = -12 + m. Let y(i) = i + 1. What is y(k)?
-1
Let u be -5 + 3*2/3. Let i be (u - (-10)/3)*-9. Let r(v) = 5*v**2 + 6*v + 1. Let s(n) = -9*n**2 - 11*n - 1. Let m(x) = -5*r(x) - 3*s(x). Give m(i).
7
Let y(n) = -n**2 - 2*n + 3. Suppose -3*a - 26 = 4. Let b = a + 7. Give y(b).
0
Let i(p) be the second derivative of 3*p - 1/2*p**2 - 1/2*p**3 + 0 + 1/4*p**4 + 1/20*p**5. What is i(-4)?
-5
Suppose -2*x - 2*f + 19 = -5*x, 0 = 2*x - 5*f + 31. Let n(r) = r**3 + 3*r**2 + r - 1. What is n(x)?
-4
Let h(u) be the first derivative of u**2 - 6*u + 9. Calculate h(6).
6
Let s(m) = -5*m**2 + 11*m + 11. Let o(b) = -b**2 + 1. Let x(p) = -4*o(p) + s(p). Let l(a) = -2*a**2 + 23*a + 15. Let f(q) = 6*l(q) - 13*x(q). Determine f(5).
-1
Let u(b) = -2*b - 7. Let t be u(-6). Let l(x) = x**2 - 4*x + 6. Calculate l(t).
11
Let q(a) = 9*a - 7. Let j(r) = 4*r - 4. Suppose -2*y + 1 = 3*l, 4*l - 5 = -2*y - 1. Let m(c) = l*q(c) - 7*j(c). Determine m(6).
1
Let c(q) = -5*q - 13. Let f(x) = -6*x - 14. Let l(p) = 5*c(p) - 4*f(p). Suppose 25*w = 17*w. What is l(w)?
-9
Let w(c) = -c**3 - 4*c**2 - c. Suppose y + 2 = -0*y. Let m be -2 + y + 2 - 1. What is w(m)?
-6
Let a(h) be the third derivative of 3*h**2 + 0*h**4 + 5/6*h**3 + 0*h + 1/15*h**5 - 1/120*h**6 + 0. Determine a(4).
5
Let v(t) = -6*t - 9. Let a(f) = -4*f**2 + 5*f. Let y be a(2). Calculate v(y).
27
Suppose -2*h - 2*h + 112 = 0. Suppose -5*r = -m + h - 9, 2*m + 5*r + 22 = 0. Let g(i) = -2*i**2 + 5*i**2 + 3*i - 4*i. Determine g(m).
4
Let z(c) = 4*c + 0*c - c**3 - 7*c + 0*c - 5*c**2 + 4. What is z(-3)?
-5
Let y(p) = p**2 - 9*p + 7. Let n be y(8). Let x = 1 + n. Let l(f) = -3*f + x*f - f**2 + f. What is l(-2)?
0
Let p(z) = -z**2 + 3*z + 1. Suppose 6 = x + 3*i - 6, 3*x = -4*i + 21. What is p(x)?
1
Let j(x) = -x**2 - 7*x - 7. Let y be j(-5). Let f(r) = -2 - 11*r - 2*r - y*r**2 - 5. Let b(a) = -5*a**2 - 20*a - 10. Let k(c) = 5*b(c) - 8*f(c). What is k(5)?
1
Let u = 40 - 24. Suppose -14*k = -u*k. Let i(j) = -j**2 + 5. What is i(k)?
5
Let a(v) = -1. Let i(x) = 1. Let d(z) = 6*a(z) + 7*i(z). Let r(n) be the first derivative of -3*n**2 - 3*n + 6. Let w(f) = -4*d(f) - r(f). What is w(1)?
5
Let j be 0*(3 + 30/(-9)). Let l(q) = -q - q + j*q. Determine l(-1).
2
Let r(k) = -k**2 + 2*k - 3. Suppose 0 = l + 2*l. Suppose -5*p = -0*p + 10. Let v be 3 + l + p - -2. What is r(v)?
-6
Let g = 32 + -16. Suppose -d - g = 3*d. Let u(r) = -2 - 5*r**2 + 4*r**2 - 3*r - 4. Determine u(d).
-10
Let b be (1/(3/(-45)))/(-1). Suppose 3*i + 11 = 4*o, -2*i = -4*o - 5 + b. Let h(s) = 5*s**3 + 2*s + 1. Calculate h(i).
-6
Let a(v) = -4*v + 2*v - 2*v - v**2 + 4. Suppose -3*i = -0*i, -2*i = -s - 5. Calculate a(s).
-1
Let b(l) = -l**3 - 3*l**2 + 6*l + 2. Let g be b(-4). Let v(s) = s + 12. Determine v(g).
6
Let b(a) = -2*a**2 + 4*a - 3. Let y(v) = v + 6. Let c be y(-3). Let z be (-42)/(-24) - c/(-12). What is b(z)?
-3
Let q(s) = -24*s + 3*s**2 - 4*s**2 + 29*s. Give q(4).
4
Let i(b) = -7*b**3 + 6*b**2 - 3*b**3 + 5*b**3 + 4*b**3 - 7 - 6*b. Let s be 3/2*10/(-3). Let z be (0/(-2))/3 - s. What is i(z)?
-12
Let i(s) be the first derivative of 4*s**2 - 1/3*s**3 + 8 - 9*s. Give i(6).
3
Let v(r) = -r**3 + 7 - 2 - 21*r + 15*r + 8*r**2. Let h be (-1)/(-2 - -1) + 6. What is v(h)?
12
Let i(m) = 4*m - 3. Let v(w) = 17*w - 13. Let k(q) = 26*i(q) - 6*v(q). Determine k(4).
8
Let p(t) = 10*t. Let q = 11 + -12. Give p(q).
-10
Let s(g) = g - 1. Let k(b) = -1. Let o(y) = 3*k(y) + s(y). Let a be o(4). Let z(q) = a*q**2 + 0*q**3 - 2*q**3 + q - q**2 + q**3. Calculate z(0).
0
Let w(g) = -g**3 - 4*g**2 + 5*g - 2. Let x(b) = b**2 + 4*b - 2. Let d(s) = -s**3 - 2*s**2 + s - 1. Let z be d(-2). Let c be x(z). Give w(c).
-2
Suppose q = 4*q - 15. Let r(w) = -w**2 + 7*w - 6. Let z be r(q). Let b(i) = -i**3 + 4*i**2 + i + 5. What is b(z)?
9
Let h(t) = 5*t - 4. Let q = 14 + -11. Give h(q).
11
Let j be 1/((-2)/(-6) + 15/(-18)). Let d(o) = -2*o**2 + 5*o - 6. Let q(s) = -s + 1. Let b(m) = d(m) + 5*q(m). Determine b(j).
-9
Let b(w) = 2*w + 1. Let u be 4 + (0 - (0 - -2)). Calculate b(u).
5
Let u(q) = q. Suppose -3*h + 2*h + 4*b - 8 = 0, 5*b - 15 = 0. Calculate u(h).
4
Let m(l) = -l + 4. Suppose 5*i + 0 = 20. Suppose -7*a = -i*a + 18. Give m(a).
10
Let c = 16 - 12. Suppose 5*t + c*w = t - 32, 4*t = 3*w - 4. Let d(a) = a**3 + 3*a**2 - 6*a - 6. What is d(t)?
2
Suppose -3*f + f + 10 = 0. Let g(j) = -j**2 - 11*j - 3. Let k(t) = 2*t**2 + 21*t + 7. Let o(n) = f*g(n) + 3*k(n). Give o(-4).
-10
Let x(o) = 8 - 8*o + 3*o + 6*o. What is x(-6)?
2
Let o = 14 + -10. Let f(z) = -4*z**2 + z**3 + 3 + z**3 - z**3 - z. What is f(o)?
-1
Suppose a - 5*a - 52 = 0. Let n = a + 4. Let d(q) = q + 3. Let o be d(n). Let k(p) = -p**2 - 6*p - 6. Calculate k(o).
-6
Let m = 11 + -32. Let h = 3 - m. Suppose -12 = -4*y, 3*n - 4*y + h = -y. Let f(s) = 2*s + 4. Give f(n).
-6
Let x(i) be the third derivative of -i**5/60 - i**4/12 - i**3/6 - i**2. Give x(3).
-16
Let b(v) = -3*v - 1. Let s be ((-3)/2)/(2/(-4)). Suppose s*p = 2*p - 2. Calculate b(p).
5
Let m(h) = -7*h - 15. Let i(w) = -3*w - 8. Let x(p) = 9*i(p) - 4*m(p). Give x(0).
-12
Let v(s) = s**2 + 3*s + 3. Let o be 15/(-3) - -3 - -5. Give v(o).
21
Let y(s) = s**3 - 6*s**2 + 6. Suppose -2*c = -2*w + 8, 0 = -7*c + 2*c + 10. Give y(w).
6
Let i be 2/11 + 140/(-44). Let s(b) = 5*b + 2 + b**2 - 4 + 5. Give s(i).
-3
Let n(i) be the first derivative of 2 - 47*i - i**2 + 40*i - 1. Give n(-5).
3
Suppose 5*m - 3*m - 18 = 0. Let s(f) = -f**2 + 10*f - 11. Let l be s(m). Let z(w) = w + 1. Give z(l).
-1
Let d(g) = -g**2 + 5*g - 4. Let t(q) = -q**3 - 2*q**2 - q + 3. Let m be t(-3). Suppose -3*u = -3*f + m, 2*f - 4*u - 10 = -9*u. Give d(f).
-4
Let m(l) be the first derivative of l**2/2 + 6*l - 3. Let h(z) = -z. Let k be h(-5). Suppose i = -5*r + 7, 0*i + i = r - k. What is m(i)?
3
Let x(u) = u**2 - u. Let r(f) = f**3 + 2*f**2 - 3*f - 2. Let c(o) = r(o) - 3*x(o). Let g(k) = k**2 - 1. Let p be g(1). Determine c(p).
-2
Let r(g) = -g**2 + 7*g - 6. Suppose 0 = -5*o + 14 + 1. Let a(x) = -12*x + 2. Let d be a(o). Let q be d/(-9) + 8/36. Determine r(q).
6
Let i(a) be the first derivative of a**4/4 - 5*a**3/3 - 3*a**2/2 - 8*a + 10. Determine i(6).
10
Let b(d) = -d + 0*d**3 + 2 + 70*d**2 + d**3 - 2*d**3 - 76*d**2. Give b(-6).
8
Let g(c) be the second derivative of c**4/6 + c**3/3 + c**2/2 + 5*c. Suppose -7*w + 3*w = -4. Let k be -2 + ((-2)/w - -3). Give g(k).
1
Suppose -5*g = -4*w + 40, 0 = -5*w - 3*g + 25 + 62. Suppose -5*a + 21 = -3*c + 2*c, -4*a - c = -w. Let m(u) = 2*u + 2. What is m(a)?
10
Suppose 0*f - 4*f + 4 = 0. Let y = f + 3. Let o(p) = -9*p + 3*p - 2*p**2 + 3*p**2 + 6. Determine o(y).
-2
Let u(i) be the first derivative of i**5/20 - i**4/12 - i**3/6 + i**2 + 7*i + 1. Let r(j) be the first derivative of u(j). Determine r(2).
4
Suppose 5*s + 62 = -2*r, 4*r + 0*s + 104 = -5*s. Let a = 14 + r. Let z(v) = -v - 10. What is z(a)?
-3
Let c(g) = -11 - 2*g - 3 + 0 + 1. Let l be c(-6). Let m(a) = a. Calculate m(l).
-1
Let u(g) be the second derivative of -g**6/360 - g**5/40 + g**4/12 + 5*g**3/6 - 6*g. Let h(n) be the second derivative of u(n). What is h(-3)?
2
Let z = -34 + 14. Let f = -14 - z. Let h(m) = m**2 - 5*m - 7. Calculate h(f).
-1
Let w(n) = 6*n + 4. Let d = 7 - 8. Let r = 3 - d. Let z(k) = 5*k + 4. Let b(l) = r*w(l) - 5*z(l). Determine b(-3).
-1
Let i(k) = k**3 - 4*k**2 - 6*k + 5. Let x be i(5). Suppose -18 = -3*w - x. Let s(p) = p**2 - 7*p - 1. What is s(w)?
-7
Let t(i) be the first derivative of i**4/12 + i**3/6 - i**2 + i + 4. Let y(a) be the first derivative of t(a). Give y(2).
4
Suppose 4*t - 39 = -4*z - z, -5*t + 2*z = -24. Let r(x) = 3 - 4*x + t*x**2 - 9*x**2 + 2*x**2. Give r(-5).
-2
Let h(s) be the first derivative of -4*s**2 + s - 22. Let t(q) = -q + 4. Let j be t(3). Determine h(j).
-7
Let x = 23 - 26. Let l(s) = -1 + s**3 - 4*s - 2 + 2*s**2 + 1. Give l(x).
1
Let g(b) = -b**2 + 4*b + 1. Let n = -1 + 3. Let m be (-42)/(-8) + n/(-8). Suppose -m*t - 2*x + 6 = -6*t, -2*t + 3*x - 7 = 0.